 of 459 and 102.
51
What is the highest common factor of 36 and 27?
9
What is the highest common divisor of 608 and 380?
76
Calculate the highest common factor of 8575 and 1050.
175
Calculate the highest common divisor of 14 and 518.
14
What is the highest common divisor of 135 and 495?
45
What is the greatest common factor of 3381 and 168?
21
What is the greatest common divisor of 2696 and 8?
8
What is the highest common divisor of 3038 and 14?
14
What is the greatest common factor of 48 and 9456?
48
What is the greatest common divisor of 140 and 40?
20
What is the highest common factor of 8 and 696?
8
Calculate the highest common divisor of 57 and 1083.
57
What is the greatest common factor of 424 and 104?
8
What is the greatest common factor of 32 and 8?
8
Calculate the highest common factor of 9 and 423.
9
Calculate the highest common factor of 20 and 76.
4
What is the highest common factor of 91 and 14?
7
Calculate the greatest common factor of 1139 and 272.
17
What is the highest common factor of 260 and 364?
52
Calculate the highest common divisor of 7360 and 8.
8
What is the greatest common factor of 72 and 14856?
24
What is the highest common factor of 356 and 18868?
356
Calculate the highest common divisor of 518 and 6512.
74
What is the greatest common divisor of 1271 and 62?
31
What is the greatest common divisor of 78 and 78?
78
Calculate the highest common divisor of 48 and 564.
12
What is the greatest common divisor of 341 and 33?
11
Calculate the greatest common divisor of 60 and 912.
12
What is the highest common factor of 19 and 3914?
19
What is the highest common divisor of 1020 and 60?
60
What is the greatest common factor of 1600 and 25?
25
Calculate the greatest common factor of 671 and 198.
11
Calculate the greatest common factor of 11044 and 8.
4
Calculate the greatest common divisor of 84 and 1554.
42
What is the highest common divisor of 195 and 3225?
15
Calculate the greatest common divisor of 22 and 23122.
22
Calculate the highest common divisor of 13524 and 1380.
276
Calculate the highest common factor of 288 and 54.
18
What is the highest common factor of 95 and 209?
19
What is the greatest common factor of 42 and 469?
7
What is the highest common factor of 5875 and 25?
25
What is the highest common factor of 6912 and 162?
54
Calculate the greatest common factor of 224 and 464.
16
What is the greatest common factor of 3975 and 75?
75
Calculate the greatest common divisor of 688 and 16.
16
Calculate the greatest common factor of 1504 and 32.
32
What is the highest common factor of 2701 and 292?
73
Calculate the highest common factor of 45966 and 282.
282
What is the greatest common divisor of 64 and 576?
64
Calculate the greatest common factor of 49 and 2009.
49
Calculate the highest common divisor of 78 and 90.
6
Calculate the highest common divisor of 779 and 123.
41
What is the greatest common divisor of 78 and 117?
39
Calculate the highest common divisor of 99 and 77.
11
Calculate the greatest common divisor of 20 and 1604.
4
What is the greatest common divisor of 24 and 1164?
12
What is the highest common factor of 14877 and 108?
27
Calculate the highest common divisor of 44 and 275.
11
What is the highest common divisor of 24 and 27?
3
Calculate the highest common divisor of 8 and 9.
1
What is the greatest common divisor of 366 and 54?
6
Calculate the greatest common divisor of 10 and 755.
5
Calculate the highest common divisor of 21 and 11949.
21
Calculate the highest common factor of 48 and 588.
12
Calculate the highest common factor of 363 and 99.
33
What is the highest common divisor of 2 and 824?
2
What is the highest common divisor of 40 and 128?
8
Calculate the greatest common divisor of 60 and 48.
12
Calculate the highest common factor of 64 and 352.
32
Calculate the greatest common divisor of 2132 and 52.
52
What is the highest common factor of 666 and 162?
18
What is the greatest common factor of 20 and 155?
5
What is the greatest common factor of 957 and 121?
11
What is the highest common divisor of 133 and 4161?
19
What is the greatest common factor of 1724 and 28?
4
What is the greatest common factor of 525 and 5040?
105
Calculate the highest common divisor of 88 and 1.
1
Calculate the highest common divisor of 26796 and 11.
11
Calculate the highest common divisor of 4 and 131.
1
What is the greatest common divisor of 198 and 25080?
66
What is the greatest common factor of 214 and 2?
2
What is the highest common divisor of 462 and 990?
66
What is the greatest common factor of 117 and 13?
13
Calculate the greatest common factor of 3 and 462.
3
What is the greatest common divisor of 83 and 581?
83
Calculate the highest common factor of 222 and 2331.
111
What is the greatest common factor of 29 and 5?
1
Calculate the greatest common divisor of 80 and 160.
80
What is the highest common factor of 447 and 1043?
149
Calculate the greatest common factor of 208 and 80.
16
What is the highest common factor of 63 and 161?
7
Calculate the greatest common divisor of 364 and 637.
91
Calculate the greatest common factor of 3572 and 342.
38
What is the greatest common divisor of 135 and 351?
27
Calculate the highest common divisor of 203 and 29.
29
What is the greatest common divisor of 28 and 196?
28
Calculate the highest common factor of 1416 and 59.
59
What is the greatest common factor of 1711 and 493?
29
What is the highest common divisor of 612 and 144?
36
Calculate the greatest common divisor of 836 and 132.
44
Calculate the greatest common factor of 117 and 9.
9
Calculate the greatest common factor of 53 and 21.
1
What is the greatest common factor of 6 and 1245?
3
What is the greatest common factor of 248 and 310?
62
What is the highest common factor of 14370 and 30?
30
What is the highest common divisor of 216 and 2808?
216
What is the greatest common factor of 2 and 1138?
2
What is the greatest common divisor of 39 and 1911?
39
What is the highest common divisor of 69 and 273?
3
What is the greatest common factor of 128 and 32?
32
What is the greatest common factor of 88 and 19624?
88
Calculate the greatest common factor of 576 and 1776.
48
Calculate the highest common divisor of 58 and 2146.
58
Calculate the highest common divisor of 217 and 21.
7
What is the highest common factor of 6929 and 41?
41
What is the highest common factor of 216 and 16?
8
Calculate the greatest common divisor of 16116 and 24.
12
What is the highest common divisor of 4186 and 1092?
182
Calculate the greatest common factor of 2 and 47.
1
What is the highest common divisor of 336 and 36?
12
What is the greatest common divisor of 122 and 14?
2
Calculate the greatest common divisor of 205 and 41.
41
Calculate the greatest common divisor of 62 and 837.
31
What is the highest common divisor of 11518 and 26?
26
What is the highest common divisor of 2 and 10?
2
Calculate the greatest common factor of 46 and 69.
23
Calculate the highest common divisor of 1034 and 33.
11
What is the highest common divisor of 204 and 4800?
12
What is the highest common factor of 46 and 3726?
46
What is the greatest common factor of 42 and 266?
14
What is the highest common divisor of 290 and 30?
10
Calculate the greatest common divisor of 833 and 34.
17
Calculate the highest common divisor of 136 and 104.
8
What is the greatest common divisor of 4 and 18?
2
What is the highest common divisor of 12 and 172?
4
What is the greatest common factor of 204 and 238?
34
What is the highest common divisor of 1352 and 156?
52
Calculate the greatest common divisor of 24 and 12072.
24
What is the greatest common divisor of 208 and 26?
26
Calculate the greatest common factor of 74 and 1961.
37
What is the greatest common factor of 323 and 17?
17
Calculate the highest common divisor of 50 and 4.
2
What is the greatest common factor of 295 and 5?
5
What is the highest common factor of 4 and 11?
1
What is the highest common divisor of 5327 and 21?
7
What is the highest common factor of 62 and 1736?
62
Calculate the greatest common divisor of 2439 and 6775.
271
What is the greatest common divisor of 59 and 8024?
59
Calculate the highest common divisor of 510 and 612.
102
What is the greatest common divisor of 6077 and 354?
59
What is the greatest common factor of 